 (base 7) to base 15
637
Convert 41593 (base 11) to base 7.
341453
-9317 (base 10) to base 15
-2b62
Convert 14301 (base 6) to base 10.
2269
22a (base 16) to base 11
464
What is -3460 (base 8) in base 13?
-ab7
19120 (base 12) to base 2
1000111001101000
-301023 (base 4) to base 7
-12114
Convert 3347 (base 10) to base 4.
310103
What is 62 (base 8) in base 11?
46
b2b8 (base 12) to base 16
4bec
Convert 931 (base 12) to base 7.
3613
Convert -7a4 (base 11) to base 16.
-3c1
What is -419 (base 12) in base 11?
-4a3
Convert -1320312 (base 4) to base 2.
-1111000110110
What is -343252 (base 6) in base 3?
-1111010212
2774 (base 10) to base 14
1022
a58 (base 15) to base 6
14445
Convert 10010110100000 (base 2) to base 11.
7267
Convert 201220202 (base 3) to base 7.
60221
What is 5a3 (base 12) in base 6?
3523
-880 (base 9) to base 15
-330
What is 100101011 (base 2) in base 11?
252
Convert -b8 (base 14) to base 4.
-2202
What is -1101100011001 (base 2) in base 6?
-52041
112122100 (base 3) to base 15
3269
Convert 301430 (base 5) to base 8.
22617
What is -1785 (base 13) in base 7?
-13113
-221011 (base 4) to base 16
-a45
What is -23232 (base 4) in base 11?
-622
575 (base 15) to base 11
a23
What is 4783 (base 12) in base 8?
17523
Convert -320c (base 16) to base 4.
-3020030
What is -1d08 (base 14) in base 5?
-132200
What is -2bc8 (base 13) in base 15?
-1d7c
Convert -41 (base 5) to base 7.
-30
What is -767 (base 15) in base 16?
-688
Convert 18724 (base 10) to base 7.
105406
Convert 38832 (base 9) to base 5.
1314232
Convert 317b (base 14) to base 12.
4b35
What is -2248 (base 11) in base 3?
-11001111
-1180 (base 10) to base 14
-604
-1023201 (base 4) to base 6
-34213
-1eb (base 16) to base 8
-753
Convert -15272 (base 8) to base 9.
-10342
Convert 11 (base 8) to base 7.
12
-1b3b (base 14) to base 12
-2a49
Convert -25a (base 12) to base 14.
-1b8
What is -5b2 (base 13) in base 2?
-1111011110
143 (base 5) to base 15
33
Convert d775 (base 15) to base 6.
550532
Convert -10100110000000011 (base 2) to base 11.
-58949
Convert -13300213 (base 4) to base 6.
-403051
Convert -134342 (base 6) to base 3.
-122100222
Convert -1184b (base 16) to base 3.
-10122102121
Convert -269 (base 11) to base 13.
-1b5
Convert 101011000110010 (base 2) to base 11.
15640
What is 343c (base 13) in base 16?
1c96
What is -ac1c (base 14) in base 2?
-111010001111010
What is 2683 (base 15) in base 13?
3987
Convert 3a16 (base 12) to base 16.
19f2
What is -10a19 (base 12) in base 8?
-53265
10322221 (base 4) to base 13
9220
Convert 324 (base 6) to base 4.
1330
Convert 48cc (base 16) to base 15.
57c6
322653 (base 7) to base 5
3244431
-160474 (base 8) to base 6
-1122540
What is -17853 (base 11) in base 13?
-b4ab
-26322 (base 7) to base 6
-52303
-369 (base 10) to base 15
-199
Convert 213 (base 4) to base 6.
103
Convert -131b (base 12) to base 7.
-6236
-2b5a (base 16) to base 14
-408a
What is -833 (base 9) in base 6?
-3050
-4e2c (base 16) to base 13
-9155
What is 2d1 (base 15) in base 9?
787
-2212211 (base 3) to base 9
-2784
Convert 336 (base 15) to base 13.
43b
What is 2322233 (base 4) in base 10?
11951
-522032 (base 6) to base 4
-22033010
What is -110010 (base 3) in base 5?
-2302
2022010 (base 3) to base 6
11433
What is bd (base 15) in base 14?
ca
What is -1312421 (base 5) in base 11?
-18584
38c2 (base 15) to base 14
45ab
2012101 (base 3) to base 13
964
14494 (base 12) to base 7
145420
Convert -2234 (base 5) to base 10.
-319
Convert -1656 (base 7) to base 3.
-221010
Convert -1e77 (base 16) to base 12.
-461b
Convert -114 (base 11) to base 16.
-88
What is -2300 (base 15) in base 5?
-214200
What is -69b (base 15) in base 14?
-78c
31421 (base 5) to base 6
13435
Convert 442c (base 13) to base 15.
2c37
What is -6a (base 14) in base 13?
-73
23a8 (base 14) to base 7
24101
What is 521 (base 10) in base 16?
209
1407 (base 13) to base 7
11253
6813 (base 13) to base 11
aa28
Convert -1971 (base 10) to base 9.
-2630
What is -8175 (base 13) in base 8?
-42661
What is 3390b (base 13) in base 12?
46352
-43014 (base 5) to base 10
-2884
What is -2617 (base 13) in base 5?
-133203
Convert 1001110110011111 (base 2) to base 13.
1549c
Convert 110110100110 (base 2) to base 14.
13b8
Convert -77b (base 12) to base 10.
-1103
Convert 32bc (base 13) to base 4.
1232230
22411 (base 5) to base 10
1606
What is -3627 (base 11) in base 12?
-28b8
Convert -6381 (base 11) to base 9.
-12515
3202331 (base 4) to base 13
67c4
Convert 22021012 (base 3) to base 7.
23366
Convert 1cea (base 15) to base 7.
24232
What is 2040 (base 6) in base 14?
248
Convert -121 (base 6) to base 2.
-110001
-8092 (base 10) to base 2
-1111110011100
What is -2555 (base 7) in base 14?
-4d5
10111100001100 (base 2) to base 3
121112002
462 (base 16) to base 8
2142
-1118 (base 10) to base 5
-13433
Convert -21054 (base 7) to base 3.
-21010000
What is -4846 (base 10) in base 11?
-3706
What is 30260 (base 9) in base 5?
1114044
-4d7 (base 16) to base 12
-873
What is -12220 (base 3) in base 2?
-10011111
57a (base 12) to base 4
30232
What is -528 (base 12) in base 6?
-3252
What is 50231 (base 6) in base 16?
19ab
What is -1162 (base 11) in base 13?
-8cc
Convert -952 (base 13) to base 7.
-4426
Convert 335 (base 7) to base 8.
255
What is d51 (base 16) in base 13?
1723
-211511 (base 6) to base 15
-51a1
-11101110100 (base 2) to base 4
-131310
What is 2011 (base 11) in base 14?
d90
Convert -8c1 (base 13) to base 15.
-6a9
What is 13931 (base 13) in base 15?
ad28
Convert 60 (base 9) to base 11.
4a
-31110 (base 4) to base 12
-5b0
What is -1101011001001011 (base 2) in base 9?
-83224
Convert -1102012 (base 3) to base 4.
-100013
Convert -4701 (base 14) to base 2.
-11000000111101
What is -40a0 (base 11) in base 3?
-21110021
What is -221f (base 16) in base 9?
-12875
Convert 206 (base 9) to base 3.
20020
Convert 1101 (base 2) to base 15.
d
What is -10001001100000011 (base 2) in base 14?
-1b92b
What is 274 (base 11) in base 7?
641
1104 (base 11) to base 14
760
9694 (base 12) to base 6
204304
What is -1156 (base 7) in base 3?
-121001
b97 (base 15) to base 16
a39
245b2 (base 12) to base 2
1100000001010110
Convert -4040 (base 6) to base 8.
-1570
What is 95 (base 14) in base 15?
8b
Convert 339 (base 12) to base 8.
735
-395 (base 11) to base 9
-568
What is -2143 (base 7) in base 9?
-1041
Convert 11605 (base 7) to base 16.
be3
Convert 12a6 (base 14) to base 15.
e8c
-f0 (base 16) to base 2
-11110000
What is -1084 (base 11) in base 5?
-21143
What is -6d (base 14) in base 4?
-1201
Convert 454 (base 11) to base 6.
2303
-d4d (base 14) to base 9
-3527
-121001 (base 3) to base 5
-3213
What is -104541 (base 6) in base 9?
-13117
Convert 89a (base 14) to base 8.
3250
Convert -231111 (base 5) to base 9.
-12321
What is -2517 (base 10) in base 14?
-cbb
8ed0 (base 15) to base 2
111011010001001
Convert 2544 (base 12) to base 8.
10204
Convert -10001110011 (base 2) to base 9.
-1505
Convert 4865 (base 11) to base 10.
6363
9383 (base 10) to base 4
2102213
Convert -11001110001010 (base 2) to base 15.
-3d99
Convert 100210122 (base 3) to base 12.
4175
What is 310 (base 10) in base 12?
21a
What is 12554 (base 9) in base 7?
33463
What is 1110110011 (base 2) in base 16?
3b3
122222102 (base 3) to base 15
3d3b
Convert 3310323 (base 4) to base 3.
210111120
What is -28759 (base 12) in base 9?
-85286
Convert 1220254 (base 6) to base 2.
1111110110001010
Convert -5479 (base 10) to base 9.
-7457
What is 116024 (base 7) in base 4?
11030210
-42231 (base 7) to base 5
-313120
1d4c (base 15) to base 11
4873
Convert -8764 (base 15) to base 2.
-110111111111101
-1117 (base 9) to base 8
-1472
322020 (base 5) to base 3
112221011
-233020 (base 4) to base 11
-22a2
Convert -3979 (base 13) to base 14.
-2dc8
Convert 5271 (base 10) to base 5.
132041
What is -33c (base 15) in base 6?
-3220
What is -12563 (base 7) in base 3?
-11122002
Convert -310 (base 6) to base 5.
-424
What is b19 (base 14) in base 6?
14031
What is -2012201 (base 3) in base 8?
-3114
Convert 42e (base 15) to base 4.
32300
What is -1da3 (base 15) in base 14?
-24cd
What is -94cb (base 13) in base 8?
-50210
What is -566 (base 16) in base 4?
-111212
-2a (base 14) to base 9
-42
What is 22020 (base 3) in base 15?
ec
What is -40c (base 13) in base 9?
-844
What is 301 (base 4) in base 5?
144
What is -